n factor of u and 4.
4
Let a be (12/(-10))/((-4)/10). Suppose h + 32 = 5*j, -a*h = j - h - 2. Let t = -63 - -117. Calculate the highest common divisor of t and j.
6
Let u be 2/8 - (-21)/12. Let t(g) = -4*g**3 - 2*g**u - 4 + 2*g**3 - 3*g**2 + g. Let n be t(-4). What is the greatest common divisor of n and 8?
8
Let x be (-512)/12 + 2/3. Let p be ((-24)/(-14))/((-2)/x). Calculate the greatest common divisor of 24 and p.
12
Suppose 2*x - 34 = -4*r, -3*r + x + 30 = -2*x. Calculate the greatest common divisor of 6 and r.
3
Let p(w) = 8*w**3 - w - 1. Let x be p(2). Let j = x + -37. What is the highest common divisor of j and 36?
12
Let a(f) = f**3 + 18. Suppose 0 = -2*n + n. Let l be a(n). Let d be (-2 + l)*(-4)/(-4). Calculate the highest common factor of d and 24.
8
Suppose -4*g - 8 = 8, 0 = f + 2*g - 14. Calculate the greatest common factor of 22 and f.
22
Let a(s) = -s**2 - 5*s - 3. Let g be a(-4). Let b be (12 - (-1 + g))*1. Suppose -4*f + b = -24. Calculate the highest common factor of f and 3.
3
Let g be 13/(234/(-12)) - 11/(-3). What is the greatest common factor of g and 33?
3
Suppose -3*p = -8*p + 3*y + 8, p = y. Let h = 11 + -7. What is the highest common divisor of h and p?
4
Let t(j) = 30*j - 2. Let p be t(2). Calculate the greatest common divisor of 87 and p.
29
Let f be 10/(-15) - (-110)/3. Let z be 296/f + 4/(-18). Suppose -7*m + 2*m = -320. What is the highest common factor of m and z?
8
Let n(c) = 33*c**2 + 12*c + 11. Let m be n(-1). What is the highest common divisor of 48 and m?
16
Let j(y) = -19*y**3 + 3*y**2 - y - 1. Let h(w) = w**2 + 1. Let f(q) = -h(q) + j(q). Let n be f(-2). What is the highest common divisor of n and 20?
20
Let p be (-30)/35*(1 - 43). Suppose -3*k = -3*m - 63, 2*m = -k + 7 + 23. What is the greatest common factor of k and p?
12
Suppose 0 = 5*a + a - 462. Calculate the greatest common factor of a and 7.
7
Let v(t) = 5*t**2 - 6*t + 4. Let z be v(2). Calculate the greatest common divisor of z and 36.
12
Suppose -2*n - 4*t = -68, 5*t + 91 = n + 2*n. Let w = -6 + 22. What is the highest common factor of w and n?
16
Let n be -1 - (-10)/4*2. Suppose -10*j = -9*j. Suppose j = 2*k - 4, 4*v - 32 = -5*k - 6. Calculate the greatest common divisor of n and v.
4
Suppose -f = -r - 301 + 99, r + 802 = 4*f. What is the greatest common factor of f and 20?
20
Let s(y) = y**3 - y**2 + y - 1. Let w be s(2). Suppose 0 = -w*n + 190 + 370. What is the highest common factor of 16 and n?
16
Let i = 3 - -21. Calculate the greatest common divisor of i and 36.
12
Suppose 9 = -3*z, 2*f + 2*z = -f - 3. Let u(c) = c. Let l be u(1). What is the greatest common factor of l and f?
1
Let v = 15 + 40. Suppose -4*h + 61 = -3*a, 0*a + v = 4*h - a. Calculate the highest common factor of h and 39.
13
Let z = 4 + 17. Let s(x) = -x**3 - 4*x**2 + 7*x + 2. Let a be s(-5). Let j = -1 - a. What is the greatest common divisor of j and z?
7
Let k be (-120)/28 + 8/28. Let r be 31 - 2*k/8. Calculate the greatest common factor of r and 8.
8
Suppose 0 = -5*u + k + 10, -7*k + 6 = 3*u - 2*k. Let a be (27/12)/(3/8). What is the greatest common divisor of a and u?
2
Let b(t) = -6 + 0*t + t - 4*t. Let v(s) = s**3 + 6*s**2 + 5*s - 6. Let i be v(-5). Let y be b(i). Calculate the highest common divisor of y and 4.
4
Suppose -3*d = 5*v - 15, -v - 4*d + 2 = -1. Suppose -v*n - 8 = -7*n. What is the greatest common divisor of 10 and n?
2
Suppose -18*k - 16 = -20*k. Calculate the greatest common divisor of 64 and k.
8
Let u be (2 - 0 - 0) + -5. Let q = u + 7. Calculate the greatest common factor of q and 4.
4
Let z be (-496)/(-2) + 0/(-11). What is the highest common divisor of 31 and z?
31
Let n(u) = u**2 + 10*u - 1. Suppose 3*o + 0 = -15. Let i be n(o). Let z be (1 + 0)*1 - i. What is the greatest common factor of 9 and z?
9
Suppose -5*m - 6 = -2*s, 9 = -0*m - 5*m + 3*s. Suppose 3*t + m - 51 = 0. Calculate the highest common divisor of 85 and t.
17
Let j(u) = 2*u**2 + 2*u + 1. Let q be j(2). Calculate the highest common factor of q and 143.
13
Let o = 4 + -13. Let u = o - -19. Let j be (-6 + 1)*(-8)/u. Calculate the highest common divisor of j and 1.
1
Let v = 14 + -13. Suppose 3*s - v = 20. Calculate the highest common factor of 63 and s.
7
Let q be 2/7 - (-26)/7. Let i be (-50)/(-3) + (-2)/3. Calculate the highest common divisor of q and i.
4
Let f be (2 - 0) + 1*22. Suppose -u + f = u + 2*b, -2*u + 24 = 4*b. Suppose -4*l = -a - 6, a - 5*l - 3 = -u. What is the greatest common divisor of a and 12?
6
Let m(p) = p**2 + 2*p + 4. Suppose 0 = -b - 4*a + 5, 3*b - 2*a - a = 15. Let k be m(b). Calculate the greatest common factor of 26 and k.
13
Let h = 44 + -34. What is the highest common factor of h and 10?
10
Let l(o) = 13*o + 10. Let n be l(6). Calculate the highest common divisor of n and 8.
8
Suppose -328 = -3*i + 4*r, -2*i + 4*r - 232 = -4*i. Calculate the greatest common divisor of i and 16.
16
Let t(l) = -3*l - 6. Let d be (-5)/15 - 23/3. Let i = -15 - d. Let x be t(i). What is the greatest common divisor of x and 3?
3
Suppose 5*o - 6*o = 0. Suppose o = -3*r + 6*r - 60. What is the highest common factor of r and 40?
20
Suppose 0*q + q - 1 = 0. Let t be -163*q + (5 - 5). Let w be 9/(-12) + t/(-4). Calculate the highest common divisor of 5 and w.
5
Let k be -2 + 0 + (-4 - -14). Suppose 0 = -3*h - 4*t + k, h - t = 3*t + 24. Calculate the greatest common factor of 8 and h.
8
Suppose 0 = 4*u - 9 - 3. Suppose 4*q - 119 = u*q. What is the highest common divisor of q and 17?
17
Let i be 3/(-2) - 4/(-8). Let b be 1 + i - 2*-2. Calculate the greatest common divisor of b and 20.
4
Let n be 2/(-4)*(1 - 2)*26. What is the highest common factor of 39 and n?
13
Let v be (-5)/(-2) - 1/2. Suppose -2*x + x - 1 = 5*c, 4*c = -v*x + 10. Suppose 15 = y - f + 3*f, 6 = -y + 5*f. Calculate the greatest common factor of x and y.
9
Suppose -g + 20 = 3*g. Suppose g*s + 0*s - 385 = 0. Suppose 5*a + 110 = 3*j, 3*j + 4*a - 24 = s. What is the highest common divisor of 7 and j?
7
Let f be 78/10 - 1/(-5). Let x be (-3)/(-1 - 0)*1. Let v(b) = b**3 - 4*b**2 + 3*b + 1. Let p be v(x). What is the greatest common divisor of f and p?
1
Let f(l) = -2*l**2 + 4*l**2 - 3 + 2 - l**2. Let w be f(-2). Suppose -z + 105 = -4*o, -4*z + 0*o + 472 = -w*o. What is the highest common divisor of 11 and z?
11
Let l be (3/2)/((-9)/(-90)). Let m be (3 - (-2 + 2)) + l. Calculate the highest common divisor of 6 and m.
6
Let u(x) be the third derivative of -x**4/12 + 4*x**2. Let g be u(-4). What is the highest common divisor of 24 and g?
8
Suppose 0*g = -5*g - 125. Let k = 37 + g. Let l be 64/k + 2/3. What is the greatest common factor of 6 and l?
6
Let t be ((-10)/(-6))/(1/3). Suppose 313 = t*r - 3*v + 43, 54 = r + 3*v. What is the greatest common factor of r and 6?
6
Let p be (-90)/(-10) + 2/(-1). Let v(w) = 23*w - 9. Let i be v(p). Let z be (i/32)/((-1)/(-4)). Calculate the highest common factor of 57 and z.
19
Suppose 4*h = 6*h - 18. Let d(f) = f**2 + 7*f - 21. Let w be d(8). What is the greatest common divisor of h and w?
9
Suppose -60 = 3*n - 162. What is the greatest common factor of 102 and n?
34
Let y(k) = k**2 + 4*k - 9. Let f be y(-11). Calculate the greatest common divisor of f and 170.
34
Suppose 3*c + 11 + 7 = 0. Let y be c/(-4)*(2 - -6). Calculate the highest common factor of y and 132.
12
Suppose 2*j - 2 = -0*j. Let i be 0*(0/(-1) + j). Suppose 4*a + 3*d + 2*d - 192 = i, -a = -3*d - 48. What is the greatest common factor of a and 12?
12
Let u(o) = 9*o + 36. Let c be u(9). Calculate the greatest common divisor of c and 13.
13
Let k = -70 + 134. Calculate the highest common factor of 4 and k.
4
Suppose 2*j = 5*a - 309, -3*a + 2*j + 192 = 3*j. Calculate the greatest common factor of a and 42.
21
Let s = -31 + 111. Let u be (3/(-6) + -1)*-2. Suppose 0 = -u*o + 8 + 22. What is the highest common factor of o and s?
10
Let f(a) = -2*a**3 - a**2 + 184. Let v be f(0). What is the greatest common divisor of 46 and v?
46
Let l be 48*((-63)/(-18) + 6/(-2)). Calculate the greatest common factor of l and 48.
24
Let w = 81 + -25. Suppose m - w = -m. Suppose -f + m = -12. What is the highest common factor of f and 8?
8
Suppose 5*x - 2*i = 5, 2*x - 2*i = -i + 1. Suppose 10 = x*b - 71. Suppose 0 = -t - 3*t + 36. Calculate t